
Suppose 3*m - 76 = -7. What is the tens digit of m?
2
Suppose 194 = 5*c - 886. What is the hundreds digit of c?
2
Let v be (3 - 1)/(4/18). Suppose -v = -3*r, 0 = 5*l - 0*r - r - 187. What is the units digit of l?
8
Suppose 5*k = k + 64. Let q = 29 - 18. Let o = k - q. What is the units digit of o?
5
Suppose 4*l - 2 = 3*l. Suppose 34 + 42 = l*q. What is the tens digit of q?
3
Suppose -9*t + 2*t = -2219. What is the hundreds digit of t?
3
Let p = 11 - 11. Let f = p + 4. What is the units digit of f?
4
Let l(m) = -m**3 + 10*m**2 - 4*m + 1. Let g be l(9). Suppose 5*a - 211 + g = 0. What is the units digit of a?
3
Let j = 54 - -79. What is the units digit of j?
3
Let h = 0 + 6. What is the units digit of -1*3/h*-2?
1
Let b(a) = a**2 + 3*a + 1. What is the units digit of b(6)?
5
Let b be (-4)/10 - 4/(-10). What is the units digit of (4/(-6) + b)*-42?
8
Let v = 37 - -36. What is the units digit of v?
3
Suppose x + 56 = 4*c - 4*x, 0 = c - x - 13. Let i = 11 + 8. Let k = i - c. What is the tens digit of k?
1
Let c be ((-2)/(-3))/((-2)/(-9)). Suppose c*x + 2*x + 46 = s, 4*x = s - 45. Suppose -3*t = -3*w + 8 - s, 12 = 4*t + 4*w. What is the units digit of t?
7
Let b = 121 - 86. What is the units digit of b?
5
Suppose 3*g + 3 = -n, -5*n - 4*g + 11 = -2*g. Suppose -2*k + 16 = -n*a - 8, 28 = 2*k - 5*a. What is the units digit of k?
9
Let d = -10 + 22. What is the units digit of d?
2
Let d = 48 + -17. What is the tens digit of d?
3
Let o = 52 + -35. What is the tens digit of o?
1
Let j = -6 - -4. Let i be (-1 + 1/j)*2. What is the units digit of (i/(-2))/(3/28)?
4
Let o(u) = -u**3 - 4*u**2 + 2*u + 6. Let z be o(-4). What is the units digit of z - (4/(-2) - 10)?
0
Suppose 0 = -2*k - 0*k - 6. Let t(o) = -o**2 + 2. Let i be t(k). Let x = -4 - i. What is the units digit of x?
3
Let x(b) = -4*b. Let v be x(-3). Let j be (v/9)/((-1)/3). What is the tens digit of 0 - 15/6*j?
1
Let p(u) = -u - 1. Let x be p(-2). Let v be 1 + 0 + (-10 - x). Let y = 0 - v. What is the tens digit of y?
1
Suppose 27 = 7*u - 43. What is the tens digit of u?
1
Suppose a - 68 = -3*d, -2*a = 4*d - 5*d + 25. What is the tens digit of d?
2
Let i be -1 + 0 + 0 + -2. Suppose 3 = -3*u - 0. What is the units digit of -3*(u/i + -1)?
2
What is the hundreds digit of 8922/66 + 10/(-55)?
1
What is the tens digit of (8 - -47) + -3*(-1)/1?
5
Let z be 21 - (8/(-2) - -2). Suppose -z = -f - 10. What is the units digit of f?
3
Let g be (17/2)/((-6)/(-12)). Suppose 0 = 2*b - 7 - g. What is the tens digit of b?
1
Let w(g) = g**2 - 3*g - 1. Let t be 22/10 - 2/10. Suppose -t*j - 2*a + 2 = 0, -2*j + 7*a = 3*a + 16. What is the units digit of w(j)?
9
Let l(f) = -2*f + 2. Let r(q) = 4*q - 4. Let g(i) = -7*l(i) - 4*r(i). What is the units digit of g(-2)?
6
Let t = -253 + 433. What is the tens digit of t?
8
Suppose -s + 0*s = 13. Let o(j) = j**2 + 11*j - 19. What is the units digit of o(s)?
7
Let i = 6 - 1. Suppose k - i = -3. What is the units digit of k?
2
Suppose -5*a - 49 = -199. Let j = -2 + a. What is the tens digit of j?
2
Let s = -8 - -13. Suppose 0 = -3*o + 3*a + 24, -2*o = -s*o - 4*a + 24. What is the units digit of o?
8
Let x = -2 + -3. Let g(j) = -3*j**3 + 2*j**2 - 7*j + 2. Let v(m) = 2*m**3 - m**2 + 4*m - 1. Let c(u) = x*v(u) - 3*g(u). What is the units digit of c(-2)?
1
Suppose -2*a = -7*a - 4*p + 242, 2*a = p + 102. What is the tens digit of a?
5
Let a = -4 + 6. Let y(f) = -f**2 - 7*f + 0*f**a + 2 + 4. What is the units digit of y(-7)?
6
Let v be 4/(-12) + 13/3. Let n = 0 + v. What is the units digit of n?
4
Let h = -42 - -83. What is the tens digit of h?
4
What is the units digit of (-63)/(-4) + (-21)/(-84)?
6
Let g(j) = 7*j + 91. What is the tens digit of g(-11)?
1
Let q(f) = -f**3 - 2*f**2 + 3*f + 4. Suppose -5*l + 8 - 23 = 0. What is the units digit of q(l)?
4
Let p(j) = j**3 - 14*j**2 + 2*j - 14. What is the units digit of p(14)?
4
Let o(s) = s**2. Let m be o(1). Suppose 2*q - r = -0*q + m, -5*q + 1 = -4*r. Suppose -11 = 2*y - 5*z, 3*y - 4*z + 0 - q = 0. What is the units digit of y?
7
Let i be ((-26)/(-4))/(5/40). Let j be 1*-2*i/(-8). Suppose -5*g + j + 67 = 0. What is the units digit of g?
6
Suppose 15 = -5*b - 10, -2*b = -i + 39. What is the tens digit of i?
2
Let z be (-4)/14 + (-57)/21. Let h = z + 13. What is the tens digit of h?
1
Suppose -z + 71 + 82 = 0. What is the hundreds digit of z?
1
Suppose -13*q = -8*q - 370. What is the tens digit of q?
7
Suppose -5*d + 92 = -3. What is the tens digit of d?
1
Let l(p) = -p**2 - 7*p - 1. Let j = 14 - 20. Let d = j - -1. What is the units digit of l(d)?
9
Suppose 32*t - 37*t = -345. What is the tens digit of t?
6
Suppose -2*u + 39 + 47 = 0. Let i = u + -31. What is the tens digit of i?
1
Let y = -6 - -9. Suppose -4*x + y*x = -2. What is the units digit of x?
2
Let a(f) = f + 7. Let s be a(-5). Let w = s - -1. Suppose -w*r + 24 = -24. What is the tens digit of r?
1
What is the units digit of (-4 - -5) + 4 + 1?
6
Let a be (-1)/(((-5)/12)/5). Suppose y = 4*y + a. Let o = y + 8. What is the units digit of o?
4
Suppose -m = 4*m. Suppose -3*o - 4*i + 38 = -m*o, 1 = -i. What is the tens digit of o?
1
Let b = -2 + 20. What is the units digit of b?
8
Suppose 0 = -3*m + 216 + 51. What is the tens digit of m?
8
Let c be (-136)/(-12)*3/2. Suppose 0 = 5*i - 3*m - 67 + 4, -i = -5*m - c. What is the units digit of i?
2
What is the tens digit of (-2)/10 + (-28686)/(-105)?
7
Let v = -16 + 20. Let k(m) = -m + 6. What is the units digit of k(v)?
2
Let p(s) = s + 9. Let a be p(-8). Let k be 0 - (a - -2)/3. What is the units digit of k*(1 + 1) + 9?
7
Let r = 610 - 431. Suppose m + j + 89 = 3*m, 4*m = 3*j + r. What is the tens digit of m?
4
Let z(i) = -5*i**3 + 5*i**2 - 3*i + 2. Let c(n) = n**3 - n**2 - 1. Let b(h) = -3*c(h) - z(h). What is the tens digit of b(3)?
4
Let d(j) = -5*j - 2. What is the tens digit of d(-10)?
4
Suppose -14 = -o + 5*b, 3*o + 2*b + 10 = -33. Let t(m) = -m**3 - 7*m**2 - 8*m - 9. Let z be t(-6). Let h = z - o. What is the tens digit of h?
1
Suppose -4*p - 15 = o, -o - 3 = -2*p - 12. Let k = 8 + o. Suppose d + 2*l = 4 + k, l = 2*d - 1. What is the units digit of d?
3
Let g = 79 - 46. What is the tens digit of g?
3
Let f = -83 + 120. Suppose 0*r - r + f = 0. What is the units digit of r?
7
Let j(v) = v**3 - v**2 + v + 4. Let a be j(0). Let o be (6/(-4))/((-6)/152). Suppose a*i - o = -2. What is the units digit of i?
9
Let z be 19 - (-3)/(3/3). Let i = z - 15. What is the units digit of i?
7
Suppose 0*g - 2*g = -192. What is the tens digit of g?
9
Let r be (2/4)/(2/8). Suppose -2*h + 2 = 2*u - r, 4*u - 4 = -2*h. Suppose -3*d + 3*z = -6*d, h*z = -4*d + 8. What is the units digit of d?
4
Let b(q) = -q**3 + q**2 + q + 1. Let s be b(-1). What is the units digit of 0 - 39/(-6)*s?
3
Suppose 0 = -g - 1 + 4. Suppose 6*q = g*q + 9. Let c = 8 - q. What is the units digit of c?
5
Suppose j + j = 112. What is the units digit of j?
6
Suppose -i - 2 = 1. Let o = 6 - i. What is the units digit of o?
9
Let a(w) = -w - 2. Let t be a(-6). Suppose l = p + 4*p - 16, t*l = 4*p. Suppose -16 + 0 = -p*c. What is the units digit of c?
4
Let m be -2*(-1 + 2)*-6. Suppose 5*y = 2*p + 11, p + 1 - m = -3*y. Suppose 0 = y*j - 12 - 3. What is the units digit of j?
5
Suppose 0 = 3*s + 2*s. Suppose s = 2*y - j - 3, -2*j = 2. What is the units digit of y?
1
Let y(f) be the third derivative of f**5/120 + f**4/6 - f**3/6 - f**2. Let h(w) be the first derivative of y(w). What is the units digit of h(4)?
8
Suppose 5 = p + 2. Let s = -2 + p. Let l = 1 + s. What is the units digit of l?
2
Let r(n) = -n**2 + 11*n + 1. Let c be r(11). What is the units digit of 23/c + (7 - 7)?
3
Suppose -3*g = 4*d - 185, 2*d - 4 = 6*d. What is the units digit of g?
3
Suppose -4*a + 5*i = -176, a + 2*i - 52 = -21. What is the units digit of a?
9
Let h be ((-6)/8)/((-15)/40). Suppose 0 = -4*d - v + 20, -4*d - 6 + 14 = -h*v. What is the units digit of d?
4
What is the units digit of 3*2/6*2?
2
Let d = 44 + 76. What is the units digit of d?
0
Let l(h) = -h. Let t(c) = -2 + 3*c + 2*c**2 + c + 4 + c. Let s(u) = 6*l(u) + t(u). What is the units digit of s(3)?
7
Let z(x) = x**2 - 5*x - 5. Let t be z(6). What is the tens digit of ((-3)/(-6))/(t/46)?
2
Let y(w) be the first derivative of -w**2 - 2*w - 3. What i